{"id":1391,"date":"2021-04-09T21:39:06","date_gmt":"2021-04-10T02:39:06","guid":{"rendered":"https:\/\/thongthienhocvn.theosophical.org\/?page_id=1391"},"modified":"2022-03-21T21:35:49","modified_gmt":"2022-03-22T02:35:49","slug":"2021-2","status":"publish","type":"page","link":"https:\/\/www.thongthienhocvn.theosophical.org\/?page_id=1391","title":{"rendered":"2021"},"content":{"rendered":"\n<p>Bu\u1ed5i h\u1ecdc th\u00e1ng Ba. <a href=\"https:\/\/youtu.be\/uBKvB0VkL0Q\">Ki\u1ec3m so\u00e1t t\u01b0 t\u01b0\u1edfng<\/a> (Houston)<\/p>\n\n\n\n<p>Bu\u1ed5i h\u1ecdc th\u00e1ng T\u01b0. <a rel=\"noreferrer noopener\" href=\"https:\/\/youtu.be\/ytkIG9biiE0\" data-type=\"URL\" data-id=\"https:\/\/youtu.be\/ytkIG9biiE0\" target=\"_blank\">Nh\u1eefng \u0111\u1ee9c t\u00ednh c\u1ea7n thi\u1ebft<\/a> (Houston)<\/p>\n\n\n\n<p>Bu\u1ed5i h\u1ecdc th\u00e1ng n\u0103m. <a rel=\"noreferrer noopener\" href=\"https:\/\/youtu.be\/jpo_caUAUsQ\" target=\"_blank\">Con \u0110\u01b0\u1eddng Nh\u1eadp M\u00f4n <\/a> (Houston)<\/p>\n\n\n\n<p>Bu\u1ed5i h\u1ecdc th\u00e1ng s\u00e1u: <a href=\"https:\/\/www.youtube.com\/watch?v=nFxurE745rA&amp;ab_channel=Th%C3%B4ngThi%C3%AAnH%E1%BB%8DcVi%E1%BB%87tNamT%E1%BA%A1iHoaK%E1%BB%B3\" target=\"_blank\" rel=\"noreferrer noopener\">\u0110\u1ec7 t\u1eed d\u1ef1 b\u1ecb <\/a>(Houston)<\/p>\n\n\n\n<p>Bu\u1ed5i h\u1ecdc th\u00e1ng B\u1ea3y: <a rel=\"noreferrer noopener\" href=\"https:\/\/www.youtube.com\/watch?v=lqjMpt-nYeo&amp;list=LL&amp;index=14&amp;ab_channel=Th%C3%B4ngThi%C3%AAnH%E1%BB%8DcVi%E1%BB%87tNamT%E1%BA%A1iHoaK%E1%BB%B3\" target=\"_blank\">Ch\u00e2n Ng\u1ea3, Ph\u00e0m ng\u00e3<\/a> ( California)<\/p>\n\n\n\n<p>Bu\u1ed5i h\u1ecdc th\u00e1ng T\u00e1m: <a rel=\"noreferrer noopener\" href=\"https:\/\/youtu.be\/j8fRlkf8BCI\" target=\"_blank\">B\u1ed1n b\u1eadc \u0110i\u1ec3m \u0110\u1ea1o<\/a> ( Houston)<\/p>\n\n\n\n<p>Bu\u1ed5i h\u1ecdc th\u00e1ng T\u00e1m: <a rel=\"noreferrer noopener\" href=\"https:\/\/youtu.be\/FS2jp3zD6t4\" target=\"_blank\">Giai \u0111o\u1ea1n \u0111\u1ea7u c\u1ee7a s\u1ef1 ch\u1ebft<\/a> (California)<\/p>\n\n\n\n<p>Bu\u1ed5i h\u1ecdc th\u00e1ng 9: <a href=\"https:\/\/youtu.be\/PEJoWteffN8\" target=\"_blank\" rel=\"noreferrer noopener\">S\u1ef1 ti\u1ebfn b\u1ed9 v\u1ecb lai c\u1ee7a Nh\u00e2n lo\u1ea1i I<\/a> ( Houston)<\/p>\n\n\n\n<p>Bu\u1ed5i h\u1ecdc th\u00e1ng 9:   <a rel=\"noreferrer noopener\" href=\"https:\/\/youtu.be\/90GE69wivrM\" target=\"_blank\">\u0110\u1eddi S\u1ed1ng C\u00f5i Trung Gi\u1edbi<\/a>(California)<\/p>\n\n\n\n<p>Bu\u1ed5i h\u1ecdc th\u00e1ng 10: <a href=\"https:\/\/youtu.be\/50HzUTHwFZQ\" target=\"_blank\" rel=\"noreferrer noopener\">S\u1ef1 ti\u1ebfn b\u1ed9 v\u1ecb lai c\u1ee7a Nh\u00e2n lo\u1ea1i II<\/a> (Houston)<\/p>\n\n\n\n<p>Bu\u1ed5i h\u1ecdc th\u00e1ng 10: <a href=\"https:\/\/youtu.be\/s87YvAYxCQc\" target=\"_blank\" rel=\"noreferrer noopener\">C\u00e1c lo\u1ea1i Nh\u00e2n Q\u1ee7a<\/a> (California)<\/p>\n\n\n\n<p> Bu\u1ed5i h\u1ecdc th\u00e1ng 11: <a href=\"https:\/\/youtu.be\/-PIvXckYzPY\" target=\"_blank\" rel=\"noreferrer noopener\">S\u1ef1 ti\u1ebfn b\u1ed9 v\u1ecb lai c\u1ee7a Nh\u00e2n lo\u1ea1i III<\/a> (Houston) <\/p>\n\n\n\n<p> Bu\u1ed5i h\u1ecdc th\u00e1ng 11:  <a href=\"https:\/\/youtu.be\/_nDhtpEiiHM\" target=\"_blank\" rel=\"noreferrer noopener\">Lu\u00e2n Xa<\/a> ( California)<\/p>\n\n\n\n<p> Bu\u1ed5i h\u1ecdc th\u00e1ng 12:  <a href=\"https:\/\/youtu.be\/oEA0dWeMJ9o\" target=\"_blank\" rel=\"noreferrer noopener\">S\u1ef1 ti\u1ebfn b\u1ed9 v\u1ecb lai c\u1ee7a nh\u00e2n lo\u1ea1i IV<\/a> (Houston)<\/p>\n\n\n\n<p> Bu\u1ed5i h\u1ecdc th\u00e1ng 12: <a href=\"https:\/\/youtu.be\/qQAJQ3YGRpc\" target=\"_blank\" rel=\"noreferrer noopener\">Quy\u1ec1n N\u0103ng T\u00e2m Linh <\/a>( California)<\/p>\n","protected":false},"excerpt":{"rendered":"<p>Bu\u1ed5i h\u1ecdc th\u00e1ng Ba. Ki\u1ec3m so\u00e1t t\u01b0 t\u01b0\u1edfng (Houston) Bu\u1ed5i h\u1ecdc th\u00e1ng T\u01b0. Nh\u1eefng \u0111\u1ee9c t\u00ednh c\u1ea7n thi\u1ebft (Houston) Bu\u1ed5i h\u1ecdc th\u00e1ng n\u0103m. Con \u0110\u01b0\u1eddng Nh\u1eadp M\u00f4n (Houston) Bu\u1ed5i h\u1ecdc th\u00e1ng s\u00e1u: \u0110\u1ec7 t\u1eed d\u1ef1 b\u1ecb (Houston) Bu\u1ed5i h\u1ecdc th\u00e1ng B\u1ea3y: Ch\u00e2n Ng\u1ea3, Ph\u00e0m ng\u00e3 ( California) Bu\u1ed5i h\u1ecdc th\u00e1ng T\u00e1m: B\u1ed1n b\u1eadc \u0110i\u1ec3m \u0110\u1ea1o &hellip; <a href=\"https:\/\/www.thongthienhocvn.theosophical.org\/?page_id=1391\" class=\"more-link\">Continue reading <span class=\"screen-reader-text\">2021<\/span> <span class=\"meta-nav\">&rarr;<\/span><\/a><\/p>\n","protected":false},"author":2,"featured_media":0,"parent":0,"menu_order":0,"comment_status":"closed","ping_status":"closed","template":"","meta":{"footnotes":""},"class_list":["post-1391","page","type-page","status-publish","hentry"],"_links":{"self":[{"href":"https:\/\/www.thongthienhocvn.theosophical.org\/index.php?rest_route=\/wp\/v2\/pages\/1391","targetHints":{"allow":["GET"]}}],"collection":[{"href":"https:\/\/www.thongthienhocvn.theosophical.org\/index.php?rest_route=\/wp\/v2\/pages"}],"about":[{"href":"https:\/\/www.thongthienhocvn.theosophical.org\/index.php?rest_route=\/wp\/v2\/types\/page"}],"author":[{"embeddable":true,"href":"https:\/\/www.thongthienhocvn.theosophical.org\/index.php?rest_route=\/wp\/v2\/users\/2"}],"replies":[{"embeddable":true,"href":"https:\/\/www.thongthienhocvn.theosophical.org\/index.php?rest_route=%2Fwp%2Fv2%2Fcomments&post=1391"}],"version-history":[{"count":26,"href":"https:\/\/www.thongthienhocvn.theosophical.org\/index.php?rest_route=\/wp\/v2\/pages\/1391\/revisions"}],"predecessor-version":[{"id":1468,"href":"https:\/\/www.thongthienhocvn.theosophical.org\/index.php?rest_route=\/wp\/v2\/pages\/1391\/revisions\/1468"}],"wp:attachment":[{"href":"https:\/\/www.thongthienhocvn.theosophical.org\/index.php?rest_route=%2Fwp%2Fv2%2Fmedia&parent=1391"}],"curies":[{"name":"wp","href":"https:\/\/api.w.org\/{rel}","templated":true}]}}