{"id":780,"date":"2017-02-11T20:41:32","date_gmt":"2017-02-12T02:41:32","guid":{"rendered":"http:\/\/thongthienhocvn.theosophical.org\/?page_id=780"},"modified":"2019-07-17T09:14:29","modified_gmt":"2019-07-17T14:14:29","slug":"2015-2","status":"publish","type":"page","link":"https:\/\/www.thongthienhocvn.theosophical.org\/?page_id=780","title":{"rendered":"2015"},"content":{"rendered":"<p style=\"text-align: left;\">Xin m\u1eddi click v\u00e0o link n\u1ea7y \u0111\u1ec3 theo d\u1ecfi c\u00e1c bu\u1ed5i h\u1ecdc t\u1ea1i chi b\u1ed9<\/p>\n<p style=\"text-align: left;\">Ph\u1ee5ng S\u1ef1 Ch\u00e2n L\u00fd n\u0103m 2015:<\/p>\n<p style=\"text-align: left;\"><a href=\"http:\/\/thongthienhocvn.theosophical.org\/wp-content\/uploads\/2015\/06\/Xu\u00e2n-\u00e2t-m\u00f9i.jpg\" target=\"_blank\" rel=\"noopener noreferrer\">H\u00ecnh ch\u1ee5p \u0111\u1ea7u n\u0103m \u1ea4t M\u00f9i<\/a><\/p>\n<p style=\"text-align: left;\"><a href=\"https:\/\/www.youtube.com\/watch?v=DRRJlo_4Fco\" target=\"_blank\" rel=\"noopener noreferrer\">Th\u00e1ng 1- 2015\u00a0( L\u1ec5\u00a0\u0110\u1ee9c Ph\u1eadt Hi\u1ec7n)<\/a><\/p>\n<p><a href=\"https:\/\/www.youtube.com\/watch?v=4t4KTpBlbjo&amp;feature=youtu.be\" target=\"_blank\" rel=\"noopener noreferrer\">Bu\u1ed5i h\u1ecdc th\u00e1ng 2- 2015 ( H\u00e0o quang con ng\u01b0\u1eddi)<\/a><\/p>\n<p style=\"text-align: left;\"><a href=\"https:\/\/www.youtube.com\/watch?v=QqCwrg_79C0&amp;feature=youtu.be\" target=\"_blank\" rel=\"noopener noreferrer\">Bu\u1ed5i h\u1ecdc th\u00e1ng 3- 2015\u00a0( H\u1ea1nh ph\u00e2n bi\u1ec7n)<\/a><\/p>\n<p style=\"text-align: left;\"><a href=\"https:\/\/www.youtube.com\/watch?v=wXjZUo8-pCs&amp;feature=youtu.be\" target=\"_blank\" rel=\"noopener noreferrer\">Bu\u1ed5i h\u1ecdc th\u00e1ng 4- 2015\u00a0(C\u00e1ch l\u00e0m ch\u1ee7 v\u00e0 tinh luy\u1ec7n c\u00e1c th\u1ec3 c\u1ee7a con ng\u01b0\u1eddi)<\/a><\/p>\n<p style=\"text-align: left;\"><a href=\"https:\/\/www.youtube.com\/watch?v=MP7cmBapp0c&amp;feature=youtu.be\" target=\"_blank\" rel=\"noopener noreferrer\">Bu\u1ed5i h\u1ecdc th\u00e1ng 5-2015\u00a0( Lu\u1eadt hy sinh)<\/a><\/p>\n<p style=\"text-align: left;\"><a href=\"http:\/\/thongthienhocvn.theosophical.org\/wp-content\/uploads\/2015\/06\/BA-NGO-TO-HOA-VIEN-TICH.pdf\" target=\"_blank\" rel=\"noopener noreferrer\">Th\u0103m vi\u1ebfng v\u00e0 c\u1ea7u nguy\u1ec7n cho b\u00e0 Ng\u00f4 T\u1ed1 Hoa.<\/a><\/p>\n<p style=\"text-align: left;\"><a href=\"https:\/\/www.youtube.com\/watch?v=vTmylBx8pug&amp;feature=youtu.be\" target=\"_blank\" rel=\"noopener noreferrer\">Bu\u1ed5i h\u1ecdc th\u00e1ng 6- 2015\u00a0(C\u00f5i Th\u01b0\u1ee3ng gi\u1edbi)<\/a><\/p>\n<p style=\"text-align: left;\"><a href=\"https:\/\/www.youtube.com\/watch?v=-dgVs3GxKfE&amp;feature=youtu.be\" target=\"_blank\" rel=\"noopener noreferrer\">Bu\u1ed5i h\u1ecdc th\u00e1ng 7- 2015\u00a0(Nh\u00e2n th\u1ec3)<\/a><\/p>\n<p style=\"text-align: left;\"><a href=\"https:\/\/www.youtube.com\/watch?v=Cof1NsvA6QU&amp;feature=youtu.be\" target=\"_blank\" rel=\"noopener noreferrer\">Bu\u1ed5i h\u1ecdc th\u00e1ng 8- 2015\u00a0(S\u1ef1 ki\u1ec3m so\u00e1t v\u00e0 lu\u1ec7n t\u1eadp t\u01b0 t\u01b0\u1edfng)<\/a><\/p>\n<p style=\"text-align: left;\"><a href=\"https:\/\/www.youtube.com\/watch?v=Ygfm2VoLNVc&amp;feature=youtu.be\" target=\"_blank\" rel=\"noopener noreferrer\">Bu\u1ed5i h\u1ecdc th\u00e1ng 9-2015\u00a0( S\u1ef1 thanh l\u1ecdc th\u1ec3 x\u00e1c)<\/a><\/p>\n<p style=\"text-align: left;\"><a href=\"https:\/\/www.youtube.com\/watch?v=C7IExna3vsI&amp;feature=youtu.be\" target=\"_blank\" rel=\"noopener noreferrer\">Bu\u1ed5i h\u1ecdc th\u00e1ng 10- 2015\u00a0( Di\u1ec5n ti\u1ebfn c\u1ee7a s\u1ef1 ch\u1ebft)<\/a><\/p>\n<p style=\"text-align: left;\"><a href=\"https:\/\/www.youtube.com\/watch?v=RTWSvW9tjAw&amp;feature=youtu.be\" target=\"_blank\" rel=\"noopener noreferrer\">Bu\u1ed5i h\u1ecdc th\u00e1ng 11- 2015\u00a0( H\u1ea1nh an vui)<\/a><\/p>\n<p style=\"text-align: left;\"><a href=\"https:\/\/www.youtube.com\/watch?v=Dg1VdaEcUI4&amp;feature=youtu.be\" target=\"_blank\" rel=\"noopener noreferrer\">Bu\u1ed5i h\u1ecdc th\u00e1ng 12-2015\u00a0( Kh\u1edfi\u00a0\u0111\u1ea7u l\u00f2ng b\u00e1c\u00a0\u00e1i)<\/a><\/p>\n<p align=\"center\">Chi B\u1ed9 <b>PH\u1ee4NG S\u1ef0 CH\u00c2N L\u00dd<\/b><\/p>\n<p align=\"center\">Nonprofit Organization, CCN# 3579136<\/p>\n<p align=\"center\">Tr\u1ef1c thu\u1ed9c H\u1ed9i Th\u00f4ng Thi\u00ean H\u1ecdc Hoa K\u1ef3 &amp; Th\u1ebf Gi\u1edbi<\/p>\n<p>Th\u00e2n m\u1ebfn,<br \/>\nHi\u1ec7p T\u00f4<br \/>\nTel: 714-462-1696<br \/>\nWeb1: <a href=\"http:\/\/www.theosophical.org\/\" target=\"_blank\" rel=\"noopener noreferrer\">http:\/\/www.theosophical.org<\/a><br \/>\nWeb2: <a href=\"http:\/\/thongthienhocvn.theosophical.org\/\" target=\"_blank\" rel=\"noopener noreferrer\">http:\/\/thongthienhocvn.theosophical.org<\/a><br \/>\nfacebook:<a href=\"https:\/\/www.facebook.com\/pages\/Minh-Tri%E1%BA%BFt-Thi%C3%AAng-Li%C3%AAng\/349113478558436?ref=profile\" target=\"_blank\" rel=\"noopener noreferrer\"> Minh Triet Thieng Lieng<\/a><\/p>\n","protected":false},"excerpt":{"rendered":"<p>Xin m\u1eddi click v\u00e0o link n\u1ea7y \u0111\u1ec3 theo d\u1ecfi c\u00e1c bu\u1ed5i h\u1ecdc t\u1ea1i chi b\u1ed9 Ph\u1ee5ng S\u1ef1 Ch\u00e2n L\u00fd n\u0103m 2015: H\u00ecnh ch\u1ee5p \u0111\u1ea7u n\u0103m \u1ea4t M\u00f9i Th\u00e1ng 1- 2015\u00a0( L\u1ec5\u00a0\u0110\u1ee9c Ph\u1eadt Hi\u1ec7n) Bu\u1ed5i h\u1ecdc th\u00e1ng 2- 2015 ( H\u00e0o quang con ng\u01b0\u1eddi) Bu\u1ed5i h\u1ecdc th\u00e1ng 3- 2015\u00a0( H\u1ea1nh ph\u00e2n bi\u1ec7n) Bu\u1ed5i h\u1ecdc th\u00e1ng 4- &hellip; <a href=\"https:\/\/www.thongthienhocvn.theosophical.org\/?page_id=780\" class=\"more-link\">Continue reading <span class=\"screen-reader-text\">2015<\/span> <span class=\"meta-nav\">&rarr;<\/span><\/a><\/p>\n","protected":false},"author":2,"featured_media":0,"parent":0,"menu_order":0,"comment_status":"closed","ping_status":"closed","template":"","meta":{"footnotes":""},"class_list":["post-780","page","type-page","status-publish","hentry"],"_links":{"self":[{"href":"https:\/\/www.thongthienhocvn.theosophical.org\/index.php?rest_route=\/wp\/v2\/pages\/780","targetHints":{"allow":["GET"]}}],"collection":[{"href":"https:\/\/www.thongthienhocvn.theosophical.org\/index.php?rest_route=\/wp\/v2\/pages"}],"about":[{"href":"https:\/\/www.thongthienhocvn.theosophical.org\/index.php?rest_route=\/wp\/v2\/types\/page"}],"author":[{"embeddable":true,"href":"https:\/\/www.thongthienhocvn.theosophical.org\/index.php?rest_route=\/wp\/v2\/users\/2"}],"replies":[{"embeddable":true,"href":"https:\/\/www.thongthienhocvn.theosophical.org\/index.php?rest_route=%2Fwp%2Fv2%2Fcomments&post=780"}],"version-history":[{"count":12,"href":"https:\/\/www.thongthienhocvn.theosophical.org\/index.php?rest_route=\/wp\/v2\/pages\/780\/revisions"}],"predecessor-version":[{"id":1242,"href":"https:\/\/www.thongthienhocvn.theosophical.org\/index.php?rest_route=\/wp\/v2\/pages\/780\/revisions\/1242"}],"wp:attachment":[{"href":"https:\/\/www.thongthienhocvn.theosophical.org\/index.php?rest_route=%2Fwp%2Fv2%2Fmedia&parent=780"}],"curies":[{"name":"wp","href":"https:\/\/api.w.org\/{rel}","templated":true}]}}