{"id":969,"date":"2018-01-31T21:42:44","date_gmt":"2018-02-01T03:42:44","guid":{"rendered":"http:\/\/thongthienhocvn.theosophical.org\/?page_id=969"},"modified":"2019-07-17T09:14:29","modified_gmt":"2019-07-17T14:14:29","slug":"2018-2","status":"publish","type":"page","link":"https:\/\/www.thongthienhocvn.theosophical.org\/?page_id=969","title":{"rendered":"2018"},"content":{"rendered":"<p>Xin m\u1eddi click v\u00e0o link d\u01b0\u1edbi \u0111\u00e2y \u0111\u1ec3 theo d\u1ecfi c\u00e1c bu\u1ed5i h\u1ecdc t\u1ea1i chi b\u1ed9<\/p>\n<p>Ph\u1ee5ng S\u1ef1 Ch\u00e2n L\u00fd n\u0103m 2018:<\/p>\n<p style=\"text-align: left;\"><a href=\"https:\/\/www.youtube.com\/watch?v=FkZFDnfrWFg&amp;feature=youtu.be\" target=\"_blank\" rel=\"noopener noreferrer\">Bu\u1ed5i h\u1ecdc th\u00e1ng \u00a01 ( T\u00ecnh y\u00eau qua Lu\u00e2n h\u1ed3i)<\/a><\/p>\n<p style=\"text-align: left;\"><a href=\"https:\/\/www.youtube.com\/watch?v=iol3VcBdHkc&amp;feature=youtu.be\" target=\"_blank\" rel=\"noopener noreferrer\">Bu\u1ed5i h\u1ecdc th\u00e1ng 2 (H\u1ed9i Vi\u00ean &amp; H\u1ed9i TTH)<\/a><\/p>\n<p><a href=\"https:\/\/www.youtube.com\/watch?v=pa6qY08tTuk\" target=\"_blank\" rel=\"noopener noreferrer\">Bu\u1ed5i h\u1ecdc th\u00e1ng 3 ( \u0110\u1eddi s\u1ed1ng huy\u1ec1n b\u00ed c\u1ee7a con ng\u01b0\u1eddi)<\/a><\/p>\n<p><a href=\"https:\/\/www.youtube.com\/watch?v=WwgNjipPltU&amp;feature=youtu.be\" target=\"_blank\" rel=\"noopener noreferrer\">Bu\u1ed5i h\u1ecdc th\u00e1ng 4 ( Tr\u1ea3 Nghi\u1ec7p)<\/a><\/p>\n<p><a href=\"https:\/\/www.youtube.com\/watch?v=1DWoH84pQ24&amp;feature=youtu.be\" target=\"_blank\" rel=\"noopener noreferrer\">Bu\u1ed5i h\u1ecdc th\u00e1ng 5 (M\u1ee5c \u0111\u00edch th\u1ee9 3 c\u1ee7a h\u1ed9 T.T.H)<\/a><\/p>\n<p><a href=\"https:\/\/www.youtube.com\/watch?v=n1uy73z8yAQ&amp;feature=youtu.be\" target=\"_blank\" rel=\"noopener noreferrer\">Bu\u1ed5i h\u1ecdc th\u00e1ng 6 ( Th\u1ec5 Tr\u00ed)<\/a><\/p>\n<p><a href=\"https:\/\/www.youtube.com\/watch?v=8zzIrN00hrY&amp;feature=youtu.be\" target=\"_blank\" rel=\"noopener noreferrer\">Bu\u1ed5i h\u1ecdc th\u00e1ng 7 ( C\u00f9ng ai \u0111au kh\u1ed5)<\/a><\/p>\n<p><a href=\"https:\/\/www.youtube.com\/watch?v=T84kUDfw6Og&amp;feature=youtu.be\" target=\"_blank\" rel=\"noopener noreferrer\">Bu\u1ed5i h\u1ecdc th\u00e1ng 8 ( Nh\u1eefng th\u00e0nh vi\u00ean c\u00f5i Trung gi\u1edbi)<\/a><\/p>\n<p><a href=\"https:\/\/www.youtube.com\/watch?v=NZwp03z_RpI&amp;feature=youtu.be\" target=\"_blank\" rel=\"noopener noreferrer\">Bu\u1ed5i h\u1ecdc th\u00e1ng 9( C\u00f5i Trung gi\u1edbi v\u00e0 Th\u01b0\u1ee3ng gi\u1edbi)<\/a><\/p>\n<p><a href=\"https:\/\/www.youtube.com\/watch?v=wPSGkm2Iqeg&amp;feature=youtu.be\" target=\"_blank\" rel=\"noopener noreferrer\">Bu\u1ed5i h\u1ecdc th\u00e1ng 10 ( H\u00e0i h\u00f2a v\u00e0 tranh ch\u1ea5p)<\/a><\/p>\n<p><a href=\"https:\/\/www.youtube.com\/watch?v=fpwHd7qE0-8&amp;feature=youtu.be\" target=\"_blank\" rel=\"noopener noreferrer\">Bu\u1ed5i h\u1ecdc th\u00e1ng 11 ( Cu\u1ed9c chi\u1ebfn \u0111\u1ea5u n\u1ed9i t\u00e2m)<\/a><\/p>\n<p><a href=\"https:\/\/www.youtube.com\/watch?v=G8-L0MqnzcU&amp;feature=youtu.be\" target=\"_blank\" rel=\"noopener noreferrer\">Bu\u1ed5i h\u1ecdc th\u00e1ng 12 ( Sinh L\u1ef1c)<\/a><\/p>\n<p align=\"center\">Chi B\u1ed9 <b>PH\u1ee4NG S\u1ef0 CH\u00c2N L\u00dd<\/b><\/p>\n<p align=\"center\">Nonprofit Organization, CCN# 3579136<\/p>\n<p align=\"center\">Tr\u1ef1c thu\u1ed9c H\u1ed9i Th\u00f4ng Thi\u00ean H\u1ecdc Hoa K\u1ef3 &amp; Th\u1ebf Gi\u1edbi<\/p>\n<p>Th\u00e2n m\u1ebfn,<br \/>\nHi\u1ec7p T\u00f4<br \/>\nTel: 714-462-1696<br \/>\nWeb1: <a href=\"http:\/\/www.theosophical.org\/\" target=\"_blank\" rel=\"noopener noreferrer\">http:\/\/www.theosophical.org<\/a><br \/>\nWeb2: <a href=\"http:\/\/thongthienhocvn.theosophical.org\/\" target=\"_blank\" rel=\"noopener noreferrer\">http:\/\/thongthienhocvn.theosophical.org<\/a><br \/>\nfacebook:<a href=\"https:\/\/www.facebook.com\/pages\/Minh-Tri%E1%BA%BFt-Thi%C3%AAng-Li%C3%AAng\/349113478558436?ref=profile\" target=\"_blank\" rel=\"noopener noreferrer\"> Minh Triet Thieng Lieng<\/a><\/p>\n","protected":false},"excerpt":{"rendered":"<p>Xin m\u1eddi click v\u00e0o link d\u01b0\u1edbi \u0111\u00e2y \u0111\u1ec3 theo d\u1ecfi c\u00e1c bu\u1ed5i h\u1ecdc t\u1ea1i chi b\u1ed9 Ph\u1ee5ng S\u1ef1 Ch\u00e2n L\u00fd n\u0103m 2018: Bu\u1ed5i h\u1ecdc th\u00e1ng \u00a01 ( T\u00ecnh y\u00eau qua Lu\u00e2n h\u1ed3i) Bu\u1ed5i h\u1ecdc th\u00e1ng 2 (H\u1ed9i Vi\u00ean &amp; H\u1ed9i TTH) Bu\u1ed5i h\u1ecdc th\u00e1ng 3 ( \u0110\u1eddi s\u1ed1ng huy\u1ec1n b\u00ed c\u1ee7a con ng\u01b0\u1eddi) Bu\u1ed5i h\u1ecdc &hellip; <a href=\"https:\/\/www.thongthienhocvn.theosophical.org\/?page_id=969\" class=\"more-link\">Continue reading <span class=\"screen-reader-text\">2018<\/span> <span class=\"meta-nav\">&rarr;<\/span><\/a><\/p>\n","protected":false},"author":2,"featured_media":0,"parent":0,"menu_order":0,"comment_status":"closed","ping_status":"closed","template":"","meta":{"footnotes":""},"class_list":["post-969","page","type-page","status-publish","hentry"],"_links":{"self":[{"href":"https:\/\/www.thongthienhocvn.theosophical.org\/index.php?rest_route=\/wp\/v2\/pages\/969","targetHints":{"allow":["GET"]}}],"collection":[{"href":"https:\/\/www.thongthienhocvn.theosophical.org\/index.php?rest_route=\/wp\/v2\/pages"}],"about":[{"href":"https:\/\/www.thongthienhocvn.theosophical.org\/index.php?rest_route=\/wp\/v2\/types\/page"}],"author":[{"embeddable":true,"href":"https:\/\/www.thongthienhocvn.theosophical.org\/index.php?rest_route=\/wp\/v2\/users\/2"}],"replies":[{"embeddable":true,"href":"https:\/\/www.thongthienhocvn.theosophical.org\/index.php?rest_route=%2Fwp%2Fv2%2Fcomments&post=969"}],"version-history":[{"count":22,"href":"https:\/\/www.thongthienhocvn.theosophical.org\/index.php?rest_route=\/wp\/v2\/pages\/969\/revisions"}],"predecessor-version":[{"id":1245,"href":"https:\/\/www.thongthienhocvn.theosophical.org\/index.php?rest_route=\/wp\/v2\/pages\/969\/revisions\/1245"}],"wp:attachment":[{"href":"https:\/\/www.thongthienhocvn.theosophical.org\/index.php?rest_route=%2Fwp%2Fv2%2Fmedia&parent=969"}],"curies":[{"name":"wp","href":"https:\/\/api.w.org\/{rel}","templated":true}]}}